the highest common factor of 27 and 639?
9
What is the greatest common factor of 1904 and 16?
16
Calculate the highest common factor of 50 and 800.
50
Calculate the greatest common divisor of 2 and 982.
2
What is the greatest common factor of 39 and 377?
13
What is the highest common divisor of 970 and 582?
194
Calculate the greatest common factor of 10282 and 194.
194
Calculate the greatest common factor of 581 and 35.
7
What is the greatest common factor of 4046 and 14?
14
Calculate the highest common divisor of 237 and 632.
79
What is the greatest common divisor of 54 and 513?
27
Calculate the highest common divisor of 239 and 17447.
239
Calculate the highest common divisor of 18 and 549.
9
What is the greatest common factor of 417 and 6?
3
Calculate the highest common factor of 27 and 459.
27
What is the highest common divisor of 1477 and 633?
211
What is the highest common factor of 56 and 1512?
56
Calculate the greatest common divisor of 18 and 2439.
9
What is the highest common divisor of 1375 and 10?
5
Calculate the highest common divisor of 33 and 3333.
33
What is the greatest common divisor of 133 and 95?
19
What is the greatest common divisor of 83 and 1?
1
Calculate the greatest common divisor of 289 and 17.
17
Calculate the greatest common divisor of 297 and 36.
9
What is the greatest common factor of 294 and 29694?
294
Calculate the highest common factor of 88 and 77.
11
What is the greatest common divisor of 99 and 3726?
9
Calculate the highest common factor of 134 and 106.
2
Calculate the greatest common factor of 1495 and 12259.
299
What is the greatest common divisor of 2 and 13?
1
Calculate the highest common divisor of 120 and 210.
30
Calculate the highest common factor of 126 and 3006.
18
What is the greatest common divisor of 3567 and 87?
87
What is the greatest common divisor of 2214 and 410?
82
What is the highest common factor of 903 and 21?
21
Calculate the highest common factor of 671 and 305.
61
What is the highest common factor of 5 and 3?
1
Calculate the greatest common divisor of 22 and 110.
22
Calculate the greatest common divisor of 340 and 20.
20
What is the highest common divisor of 58100 and 83?
83
What is the greatest common divisor of 77 and 497?
7
What is the highest common divisor of 5858 and 202?
202
Calculate the greatest common divisor of 2305 and 5.
5
What is the greatest common divisor of 68 and 15572?
68
Calculate the greatest common divisor of 101 and 17675.
101
Calculate the greatest common divisor of 1275 and 675.
75
What is the highest common factor of 1876 and 56?
28
What is the greatest common divisor of 72 and 54?
18
Calculate the greatest common factor of 3712 and 29.
29
What is the greatest common divisor of 2 and 181?
1
Calculate the greatest common divisor of 9 and 144.
9
Calculate the greatest common divisor of 28 and 2198.
14
Calculate the highest common factor of 1411 and 17.
17
Calculate the highest common divisor of 80 and 1232.
16
Calculate the greatest common divisor of 2 and 274.
2
What is the highest common factor of 192 and 544?
32
What is the highest common factor of 1350 and 570?
30
What is the highest common factor of 8 and 34?
2
Calculate the greatest common factor of 1701 and 18.
9
What is the greatest common divisor of 1125 and 425?
25
What is the greatest common divisor of 23 and 299?
23
What is the greatest common divisor of 27 and 24?
3
Calculate the greatest common factor of 1457 and 1175.
47
Calculate the highest common factor of 4655 and 475.
95
Calculate the greatest common factor of 80 and 10.
10
What is the highest common factor of 47 and 15698?
47
What is the highest common factor of 1075 and 387?
43
What is the greatest common divisor of 86 and 5719?
43
What is the greatest common factor of 320 and 10?
10
Calculate the greatest common divisor of 784 and 16.
16
Calculate the greatest common divisor of 475 and 133.
19
What is the greatest common factor of 840 and 378?
42
Calculate the greatest common divisor of 17 and 629.
17
What is the greatest common factor of 186 and 527?
31
Calculate the highest common divisor of 10 and 1480.
10
Calculate the greatest common factor of 9 and 750.
3
Calculate the greatest common divisor of 69 and 27.
3
What is the greatest common factor of 28 and 8218?
14
What is the highest common divisor of 3225 and 129?
129
What is the greatest common divisor of 105 and 70?
35
Calculate the greatest common factor of 125 and 975.
25
What is the highest common divisor of 41 and 1353?
41
What is the greatest common factor of 582 and 18?
6
What is the greatest common divisor of 10 and 160?
10
What is the greatest common divisor of 1 and 8?
1
What is the greatest common factor of 66 and 462?
66
What is the highest common divisor of 986 and 442?
34
Calculate the highest common divisor of 56 and 42.
14
Calculate the greatest common divisor of 525 and 21.
21
What is the greatest common divisor of 30 and 230?
10
Calculate the highest common divisor of 22620 and 260.
260
Calculate the highest common factor of 84 and 756.
84
What is the highest common factor of 360 and 105?
15
What is the greatest common factor of 6512 and 16?
16
Calculate the greatest common factor of 13 and 11.
1
What is the greatest common factor of 22 and 2794?
22
What is the highest common factor of 24 and 324?
12
What is the greatest common divisor of 1722 and 168?
42
What is the highest common factor of 459 and 544?
17
What is the highest common factor of 5 and 85?
5
Calculate the highest common factor of 17399 and 127.
127
Calculate the highest common factor of 60 and 45.
15
Calculate the greatest common divisor of 273 and 21.
21
Calculate the highest common factor of 342 and 36.
18
Calculate the highest common factor of 128 and 24.
8
Calculate the highest common divisor of 720 and 10.
10
Calculate the greatest common factor of 1050 and 40.
10
Calculate the highest common divisor of 637 and 104.
13
What is the highest common divisor of 186 and 6?
6
Calculate the highest common factor of 254 and 2.
2
Calculate the greatest common divisor of 713 and 1909.
23
What is the greatest common divisor of 147 and 42?
21
Calculate the highest common divisor of 14 and 259.
7
Calculate the greatest common divisor of 671 and 61.
61
Calculate the highest common factor of 805 and 92.
23
What is the greatest common factor of 44 and 352?
44
Calculate the greatest common factor of 48 and 264.
24
Calculate the highest common factor of 50 and 125.
25
What is the greatest common factor of 40 and 180?
20
Calculate the highest common factor of 21870 and 10.
10
What is the highest common divisor of 100 and 4075?
25
What is the greatest common factor of 3 and 213?
3
Calculate the greatest common divisor of 2432 and 76.
76
Calculate the greatest common divisor of 1320 and 120.
120
Calculate the highest common factor of 54 and 1161.
27
Calculate the greatest common divisor of 536 and 8978.
134
Calculate the greatest common factor of 60 and 168.
12
What is the greatest common divisor of 12847 and 116?
29
What is the greatest common factor of 638 and 286?
22
Calculate the greatest common factor of 4491 and 27.
9
What is the highest common divisor of 98 and 1127?
49
Calculate the greatest common divisor of 952 and 28.
28
Calculate the highest common divisor of 156 and 273.
39
Calculate the highest common divisor of 70 and 28.
14
What is the greatest common factor of 660 and 14740?
220
Calculate the highest common factor of 17097 and 3336.
417
Calculate the highest common divisor of 572 and 52.
52
What is the greatest common factor of 24068 and 33?
11
What is the greatest common divisor of 22 and 1408?
22
What is the greatest common divisor of 57 and 24?
3
Calculate the greatest common divisor of 272 and 17000.
136
What is the highest common factor of 38 and 494?
38
What is the greatest common divisor of 160 and 16160?
160
Calculate the highest common divisor of 475 and 893.
19
Calculate the greatest common divisor of 8 and 50.
2
What is the greatest common divisor of 638 and 116?
58
Calculate the highest common factor of 152 and 12.
4
What is the greatest common divisor of 28 and 1638?
14
What is the highest common divisor of 238 and 2737?
119
What is the greatest common factor of 1720 and 80?
40
What i